 when 588 is divided by 350.
238
What is the remainder when 768 is divided by 39?
27
What is the remainder when 18 is divided by 2?
0
What is the remainder when 18627 is divided by 54?
51
Calculate the remainder when 39774 is divided by 352.
350
What is the remainder when 38 is divided by 31?
7
Calculate the remainder when 1146 is divided by 29.
15
Calculate the remainder when 328 is divided by 154.
20
What is the remainder when 619 is divided by 306?
7
Calculate the remainder when 28761 is divided by 34.
31
What is the remainder when 87 is divided by 42?
3
What is the remainder when 368 is divided by 122?
2
What is the remainder when 106 is divided by 29?
19
What is the remainder when 2498 is divided by 57?
47
Calculate the remainder when 443 is divided by 16.
11
Calculate the remainder when 66 is divided by 25.
16
Calculate the remainder when 5097 is divided by 30.
27
What is the remainder when 2912 is divided by 11?
8
Calculate the remainder when 288 is divided by 40.
8
What is the remainder when 12899 is divided by 300?
299
Calculate the remainder when 540 is divided by 106.
10
Calculate the remainder when 652 is divided by 179.
115
Calculate the remainder when 576 is divided by 47.
12
What is the remainder when 42 is divided by 22?
20
Calculate the remainder when 827 is divided by 6.
5
What is the remainder when 54 is divided by 49?
5
What is the remainder when 94 is divided by 42?
10
Calculate the remainder when 787 is divided by 113.
109
What is the remainder when 10421 is divided by 26?
21
What is the remainder when 1197 is divided by 116?
37
What is the remainder when 47 is divided by 37?
10
Calculate the remainder when 25773 is divided by 36.
33
Calculate the remainder when 717 is divided by 218.
63
What is the remainder when 2871 is divided by 944?
39
What is the remainder when 63 is divided by 14?
7
What is the remainder when 1628 is divided by 9?
8
What is the remainder when 879 is divided by 85?
29
Calculate the remainder when 483 is divided by 482.
1
What is the remainder when 1114 is divided by 12?
10
What is the remainder when 282 is divided by 49?
37
What is the remainder when 532 is divided by 212?
108
Calculate the remainder when 4618 is divided by 210.
208
What is the remainder when 2903 is divided by 88?
87
Calculate the remainder when 430 is divided by 222.
208
What is the remainder when 95 is divided by 32?
31
Calculate the remainder when 459 is divided by 21.
18
Calculate the remainder when 777 is divided by 13.
10
What is the remainder when 333 is divided by 16?
13
Calculate the remainder when 11 is divided by 3.
2
Calculate the remainder when 709 is divided by 141.
4
What is the remainder when 81 is divided by 19?
5
What is the remainder when 755 is divided by 54?
53
Calculate the remainder when 196 is divided by 40.
36
What is the remainder when 1026 is divided by 1018?
8
What is the remainder when 932 is divided by 187?
184
What is the remainder when 403 is divided by 25?
3
What is the remainder when 5654 is divided by 126?
110
Calculate the remainder when 1090 is divided by 42.
40
What is the remainder when 653 is divided by 213?
14
Calculate the remainder when 279 is divided by 47.
44
Calculate the remainder when 118 is divided by 16.
6
Calculate the remainder when 627 is divided by 37.
35
What is the remainder when 236 is divided by 19?
8
Calculate the remainder when 719 is divided by 105.
89
What is the remainder when 4881 is divided by 132?
129
Calculate the remainder when 42 is divided by 9.
6
What is the remainder when 221 is divided by 32?
29
What is the remainder when 523 is divided by 10?
3
What is the remainder when 156 is divided by 16?
12
What is the remainder when 151 is divided by 51?
49
Calculate the remainder when 1068 is divided by 134.
130
What is the remainder when 2643 is divided by 115?
113
What is the remainder when 2108 is divided by 53?
41
Calculate the remainder when 1250 is divided by 38.
34
What is the remainder when 949 is divided by 95?
94
Calculate the remainder when 482 is divided by 78.
14
Calculate the remainder when 131 is divided by 34.
29
What is the remainder when 287 is divided by 103?
81
Calculate the remainder when 34 is divided by 7.
6
What is the remainder when 518 is divided by 167?
17
Calculate the remainder when 611 is divided by 51.
50
Calculate the remainder when 1440 is divided by 37.
34
What is the remainder when 1862 is divided by 156?
146
Calculate the remainder when 429 is divided by 144.
141
What is the remainder when 58 is divided by 35?
23
What is the remainder when 704 is divided by 704?
0
What is the remainder when 54 is divided by 28?
26
What is the remainder when 298 is divided by 150?
148
What is the remainder when 3 is divided by 1?
0
What is the remainder when 46 is divided by 36?
10
Calculate the remainder when 19180 is divided by 44.
40
What is the remainder when 4366 is divided by 47?
42
Calculate the remainder when 2145 is divided by 113.
111
What is the remainder when 1213 is divided by 42?
37
What is the remainder when 51 is divided by 11?
7
What is the remainder when 250 is divided by 29?
18
Calculate the remainder when 2040 is divided by 113.
6
Calculate the remainder when 110 is divided by 33.
11
Calculate the remainder when 3068 is divided by 10.
8
Calculate the remainder when 1492 is divided by 86.
30
What is the remainder when 837 is divided by 208?
5
Calculate the remainder when 79 is divided by 19.
3
Calculate the remainder when 1294 is divided by 434.
426
Calculate the remainder when 1088 is divided by 186.
158
Calculate the remainder when 189 is divided by 90.
9
Calculate the remainder when 143 is divided by 67.
9
What is the remainder when 47 is divided by 16?
15
What is the remainder when 1925 is divided by 195?
170
Calculate the remainder when 6394 is divided by 6384.
10
What is the remainder when 2324 is divided by 3?
2
What is the remainder when 174 is divided by 40?
14
Calculate the remainder when 9176 is divided by 26.
24
What is the remainder when 7064 is divided by 244?
232
Calculate the remainder when 230 is divided by 14.
6
Calculate the remainder when 1705 is divided by 256.
169
What is the remainder when 247 is divided by 85?
77
What is the remainder when 2001 is divided by 24?
9
What is the remainder when 28 is divided by 9?
1
Calculate the remainder when 775 is divided by 40.
15
What is the remainder when 142 is divided by 20?
2
What is the remainder when 1865 is divided by 464?
9
What is the remainder when 74 is divided by 67?
7
What is the remainder when 472 is divided by 35?
17
What is the remainder when 258 is divided by 171?
87
What is the remainder when 361 is divided by 13?
10
Calculate the remainder when 1675 is divided by 168.
163
What is the remainder when 107 is divided by 4?
3
Calculate the remainder when 599 is divided by 60.
59
Calculate the remainder when 81 is divided by 41.
40
Calculate the remainder when 565 is divided by 283.
282
Calculate the remainder when 456 is divided by 67.
54
What is the remainder when 75 is divided by 13?
10
What is the remainder when 121 is divided by 60?
1
What is the remainder when 2415 is divided by 186?
183
Calculate the remainder when 2949 is divided by 123.
120
What is the remainder when 4734 is divided by 1573?
15
Calculate the remainder when 64 is divided by 11.
9
What is the remainder when 54 is divided by 43?
11
Calculate the remainder when 634 is divided by 56.
18
Calculate the remainder when 98 is divided by 33.
32
Calculate the remainder when 88 is divided by 46.
42
Calculate the remainder when 141 is divided by 61.
19
Calculate the remainder when 33 is divided by 19.
14
Calculate the remainder when 2693 is divided by 1345.
3
What is the remainder when 329 is divided by 5?
4
Calculate the remainder when 411 is divided by 74.
41
Calculate the remainder when 23 is divided by 13.
10
Calculate the remainder when 26 is divided by 10.
6
What is the remainder when 1417 is divided by 178?
171
Calculate the remainder when 7861 is divided by 138.
133
What is the remainder when 139 is divided by 38?
25
Calculate the remainder when 68 is divided by 12.
8
What is the remainder when 278 is divided by 4?
2
What is the remainder when 7414 is divided by 72?
70
Calculate the rem